{"id":1684,"date":"2020-09-15T06:48:15","date_gmt":"2020-09-15T06:48:15","guid":{"rendered":"https:\/\/bernardorealestate.com.mx\/index.php\/home\/"},"modified":"2023-07-04T00:29:31","modified_gmt":"2023-07-04T00:29:31","slug":"inicio","status":"publish","type":"page","link":"https:\/\/bernardorealestate.com.mx\/","title":{"rendered":"Inicio"},"content":{"rendered":"\n<div data-aos= \"zoom-out-down\" data-aos-duration=\"400\" data-aos-delay=\"0\" data-aos-easing=\"ease\" data-aos-once=\"true\" class=\"wp-block-uagb-container uagb-block-fc8266e3 alignfull uagb-is-root-container\"><div class=\"uagb-container-inner-blocks-wrap\">\n<div class=\"wp-block-uagb-info-box uagb-block-eba818bb uagb-infobox__content-wrap  uagb-infobox-icon-above-title uagb-infobox-image-valign-top\"><div class=\"uagb-ifb-content\"><div class=\"uagb-ifb-title-wrap\"><span class=\"uagb-ifb-title-prefix\"><strong>Seguridad, Tranquilidad y Privacidad<\/strong> <\/span><div class=\"uagb-ifb-separator\"><\/div><h1 class=\"uagb-ifb-title\">cAYO COCO<gwmw style=\"display:none;\"><gwmw style=\"display:none;\"><\/gwmw><\/gwmw><\/h1><\/div><div class=\"uagb-ifb-button-wrapper wp-block-button\"><a href=\"https:\/\/bernardorealestate.com.mx\/#Tropical\" class=\"uagb-infobox-cta-link wp-block-button__link\" target=\"_self\" rel=\"noopener noreferrer\" onclick=\"return true;\" alt=\"\"><span class=\"uagb-inline-editing\">CONOCE MAS<\/span><\/a><\/div><\/div><\/div>\n<\/div><\/div>\n\n\n\n<div class=\"wp-block-uagb-container uagb-block-b69d9f53 alignfull uagb-is-root-container\"><div class=\"uagb-container-inner-blocks-wrap\">\n<div class=\"wp-block-uagb-container uagb-block-b682c711\">\n<div class=\"wp-block-uagb-image uagb-block-836e9a41 wp-block-uagb-image--layout-default wp-block-uagb-image--effect-static wp-block-uagb-image--align-none\"><figure class=\"wp-block-uagb-image__figure\"><img decoding=\"async\" srcset=\"https:\/\/bernardorealestate.com.mx\/wp-content\/uploads\/2022\/08\/quote-1.png ,http:\/\/bernardorealestate.com.mx\/wp-content\/uploads\/2022\/08\/quote-1.png 780w\" sizes=\"(max-width: 480px) 150px\" src=\"https:\/\/bernardorealestate.com.mx\/wp-content\/uploads\/2022\/08\/quote-1.png\" alt=\"\" class=\"uag-image-322\" width=\"200\" height=\"154\" title=\"\" loading=\"lazy\"\/><\/figure><\/div>\n<\/div>\n\n\n\n<div class=\"wp-block-uagb-container uagb-block-3beaa54d\">\n<div class=\"wp-block-uagb-advanced-heading uagb-block-2974e0ef\"><p class=\"uagb-heading-text\">\u201c\u00a1Bienvenido al para\u00edso!<br>ahora tiene nombre y se encuentra en YUCAT\u00c1N.\u201d<br><br>Enfocado en preservar la belleza natural<br>de la zona y proporcionar a sus residentes<br>un estilo de vida en armon\u00eda con la<br>naturaleza.<\/p><\/div>\n<\/div>\n<\/div><\/div>\n\n\n\n<div class=\"wp-block-uagb-container uagb-block-ab5dfdc9 alignfull uagb-is-root-container\"><div class=\"uagb-container-inner-blocks-wrap\">\n<div class=\"wp-block-uagb-advanced-heading uagb-block-9c830d4f\" id=\"Tropical\"><h2 class=\"uagb-heading-text\">TROPICAL LIVING<\/h2><div class=\"uagb-separator\"><\/div><\/div>\n\n\n\n<figure class=\"wp-block-embed is-type-video is-provider-vimeo wp-block-embed-vimeo wp-embed-aspect-16-9 wp-has-aspect-ratio\"><div class=\"wp-block-embed__wrapper\">\n<div class=\"ast-oembed-container\" style=\"height: 100%;\"><iframe loading=\"lazy\" title=\"Cayo Coco\" src=\"https:\/\/player.vimeo.com\/video\/825626791?dnt=1&amp;app_id=122963\" width=\"500\" height=\"281\" frameborder=\"0\" allow=\"autoplay; fullscreen; picture-in-picture\" allowfullscreen><\/iframe><\/div>\n<\/div><\/figure>\n\n\n\n<div class=\"wp-block-uagb-container uagb-block-43c4e72c\">\n<div class=\"wp-block-uagb-container uagb-block-d043c4bc\">\n<div class=\"wp-block-uagb-info-box uagb-block-78f61504 uagb-infobox__content-wrap  uagb-infobox-icon-above-title uagb-infobox-image-valign-top\"><div class=\"uagb-ifb-content\"><div class=\"uagb-ifb-image-content\"><img decoding=\"async\" src=\"http:\/\/bernardorealestate.com.mx\/wp-content\/uploads\/2023\/05\/Post-3.png\" alt=\"\" width=\"1080\" height=\"1080\" loading=\"lazy\"\/><\/div><div class=\"uagb-ifb-title-wrap\"><\/div><\/div><\/div>\n<\/div>\n\n\n\n<div class=\"wp-block-uagb-container uagb-block-c3d31591\">\n<div class=\"wp-block-uagb-info-box uagb-block-8cceda88 uagb-infobox__content-wrap  uagb-infobox-icon-above-title uagb-infobox-image-valign-top\"><div class=\"uagb-ifb-content\"><div class=\"uagb-ifb-image-content\"><img decoding=\"async\" src=\"http:\/\/bernardorealestate.com.mx\/wp-content\/uploads\/2023\/05\/Post-7.png\" alt=\"\" width=\"1080\" height=\"1080\" loading=\"lazy\"\/><\/div><div class=\"uagb-ifb-title-wrap\"><\/div><\/div><\/div>\n<\/div>\n<\/div>\n<\/div><\/div>\n\n\n\n<div class=\"wp-block-uagb-container uagb-block-c26279a2 alignfull uagb-is-root-container\"><div class=\"uagb-container-inner-blocks-wrap\">\n<div class=\"wp-block-uagb-container uagb-block-5697f415\">\n<div class=\"wp-block-uagb-info-box uagb-block-d6a44600 uagb-infobox__content-wrap  uagb-infobox-icon-above-title uagb-infobox-image-valign-top\" id=\"Desarrollo\"><div class=\"uagb-ifb-content\"><div class=\"uagb-ifb-title-wrap\"><h2 class=\"uagb-ifb-title\">EXPLORA UN MUNDO UNICO<\/h2><\/div><div class=\"uagb-ifb-separator\"><\/div><p class=\"uagb-ifb-desc\">Yucat\u00e1n, famoso por ser uno de los lugares ideales para el buen vivir, pues ofrece un estilo de vida para todos los gustos. Adem\u00e1s, es conocido por sus playas y zonas arqueol\u00f3gicas mayas, donde la modernidad y ancestralidad convergen en el tiempo entre sus pueblos, ciudades y puertos.<\/p><div class=\"uagb-ifb-button-wrapper wp-block-button\"><a href=\"https:\/\/bernardorealestate.com.mx\/index.php\/desarrollo\/\" class=\"uagb-infobox-cta-link wp-block-button__link\" target=\"_self\" rel=\"noopener noreferrer\" onclick=\"return true;\" alt=\"\"><span class=\"uagb-inline-editing\">conoce mas<\/span><\/a><\/div><\/div><\/div>\n<\/div>\n<\/div><\/div>\n\n\n\n<div class=\"wp-block-uagb-container uagb-block-ab3b3f0b alignfull uagb-is-root-container\"><div class=\"uagb-container-inner-blocks-wrap\">\n<div class=\"wp-block-uagb-container uagb-block-d11199df\">\n<div class=\"wp-block-uagb-info-box uagb-block-5d2261dc uagb-infobox__content-wrap  uagb-infobox-icon-above-title uagb-infobox-image-valign-top\" id=\"Atracciones\"><div class=\"uagb-ifb-content\"><div class=\"uagb-ifb-title-wrap\"><h2 class=\"uagb-ifb-title\">Atracciones y Amenidades<\/h2><\/div><p class=\"uagb-ifb-desc\">En Cayo Coco no solo podr\u00e1s disfrutar de una zona excepcional, tambi\u00e9n tendr\u00e1s acceso a fascinantes amenidades que te har\u00e1n vivir una experiencia \u00fanica.<\/p><div class=\"uagb-ifb-button-wrapper wp-block-button\"><a href=\"https:\/\/bernardorealestate.com.mx\/index.php\/amenidades\/\" class=\"uagb-infobox-cta-link wp-block-button__link\" target=\"_self\" rel=\"noopener noreferrer\" onclick=\"return true;\" alt=\"\"><span class=\"uagb-inline-editing\">conoce mas<\/span><\/a><\/div><\/div><\/div>\n<\/div>\n\n\n\n<div class=\"wp-block-uagb-container uagb-block-c9fbf250\">\n<div class=\"wp-block-uagb-image uagb-block-cd924c7b wp-block-uagb-image--layout-default wp-block-uagb-image--effect-static wp-block-uagb-image--align-none\"><figure class=\"wp-block-uagb-image__figure\"><img decoding=\"async\" srcset=\"http:\/\/bernardorealestate.com.mx\/wp-content\/uploads\/2023\/07\/family-beach-people-6398107-1024x682.jpg , https:\/\/bernardorealestate.com.mx\/wp-content\/uploads\/2023\/05\/sunset-beach-silhouettes-570881.jpg 360w\" sizes=\"(max-width: 480px) 150px\" src=\"http:\/\/bernardorealestate.com.mx\/wp-content\/uploads\/2023\/07\/family-beach-people-6398107-1024x682.jpg\" alt=\"family, beach, people-6398107.jpg\" class=\"uag-image-2530\" width=\"1024\" height=\"682\" title=\"\" loading=\"lazy\"\/><\/figure><\/div>\n\n\n\n<div class=\"wp-block-uagb-image uagb-block-273f92b6 wp-block-uagb-image--layout-default wp-block-uagb-image--effect-static wp-block-uagb-image--align-none\"><figure class=\"wp-block-uagb-image__figure\"><img decoding=\"async\" srcset=\"http:\/\/bernardorealestate.com.mx\/wp-content\/uploads\/2023\/07\/barbecue-hamburger-food-3419713-1024x683.jpg , https:\/\/bernardorealestate.com.mx\/wp-content\/uploads\/2023\/05\/abstract-american-background-1238657.jpg 360w\" sizes=\"(max-width: 480px) 150px\" src=\"http:\/\/bernardorealestate.com.mx\/wp-content\/uploads\/2023\/07\/barbecue-hamburger-food-3419713-1024x683.jpg\" alt=\"barbecue, hamburger, food-3419713.jpg\" class=\"uag-image-2525\" width=\"1024\" height=\"683\" title=\"\" loading=\"lazy\"\/><\/figure><\/div>\n<\/div>\n\n\n\n<div class=\"wp-block-uagb-container uagb-block-00b3233b\">\n<div class=\"wp-block-uagb-image uagb-block-827c3aff wp-block-uagb-image--layout-default wp-block-uagb-image--effect-static wp-block-uagb-image--align-none\"><figure class=\"wp-block-uagb-image__figure\"><img decoding=\"async\" srcset=\"https:\/\/bernardorealestate.com.mx\/wp-content\/uploads\/2023\/07\/cocktails-drinks-wedding-948353.jpg , https:\/\/bernardorealestate.com.mx\/wp-content\/uploads\/2023\/05\/cocktail-drink-refreshment-387902.jpg 360w\" sizes=\"(max-width: 480px) 150px\" src=\"https:\/\/bernardorealestate.com.mx\/wp-content\/uploads\/2023\/07\/cocktails-drinks-wedding-948353.jpg\" alt=\"cocktails, drinks, wedding-948353.jpg\" class=\"uag-image-2527\" width=\"1280\" height=\"853\" title=\"\" loading=\"lazy\"\/><\/figure><\/div>\n\n\n\n<div class=\"wp-block-uagb-image uagb-block-f748b5cd wp-block-uagb-image--layout-default wp-block-uagb-image--effect-static wp-block-uagb-image--align-none\"><figure class=\"wp-block-uagb-image__figure\"><img decoding=\"async\" srcset=\"http:\/\/bernardorealestate.com.mx\/wp-content\/uploads\/2023\/07\/border-collie-ball-running-dog-662703-1024x678.jpg , https:\/\/bernardorealestate.com.mx\/wp-content\/uploads\/2023\/05\/dogs-pet-owner-walking-5753317.jpg 360w\" sizes=\"(max-width: 480px) 150px\" src=\"http:\/\/bernardorealestate.com.mx\/wp-content\/uploads\/2023\/07\/border-collie-ball-running-dog-662703-1024x678.jpg\" alt=\"border collie, ball, running dog-662703.jpg\" class=\"uag-image-2526\" width=\"1024\" height=\"678\" title=\"\" loading=\"lazy\"\/><\/figure><\/div>\n<\/div>\n<\/div><\/div>\n\n\n\n<div class=\"wp-block-uagb-container uagb-block-622b17ab alignfull uagb-is-root-container\"><div class=\"uagb-container-inner-blocks-wrap\">\n<div class=\"wp-block-uagb-container uagb-block-a2f03b81\">\n<div class=\"wp-block-uagb-image uagb-block-0408d03e wp-block-uagb-image--layout-default wp-block-uagb-image--effect-static wp-block-uagb-image--align-none\"><figure class=\"wp-block-uagb-image__figure\"><img decoding=\"async\" srcset=\"https:\/\/bernardorealestate.com.mx\/wp-content\/uploads\/2023\/05\/Electricidad-copia.png \" sizes=\"(max-width: 480px) 150px\" src=\"https:\/\/bernardorealestate.com.mx\/wp-content\/uploads\/2023\/05\/Electricidad-copia.png\" alt=\"\" class=\"uag-image-2379\" width=\"928\" height=\"366\" title=\"\" loading=\"lazy\"\/><\/figure><\/div>\n<\/div>\n\n\n\n<div class=\"wp-block-uagb-container uagb-block-a13dd52f\">\n<div class=\"wp-block-uagb-image uagb-block-710afef2 wp-block-uagb-image--layout-default wp-block-uagb-image--effect-static wp-block-uagb-image--align-none\"><figure class=\"wp-block-uagb-image__figure\"><img decoding=\"async\" srcset=\"https:\/\/bernardorealestate.com.mx\/wp-content\/uploads\/2023\/05\/Rutas-copia.png \" sizes=\"(max-width: 480px) 150px\" src=\"https:\/\/bernardorealestate.com.mx\/wp-content\/uploads\/2023\/05\/Rutas-copia.png\" alt=\"\" class=\"uag-image-2383\" width=\"928\" height=\"366\" title=\"\" loading=\"lazy\"\/><\/figure><\/div>\n<\/div>\n\n\n\n<div class=\"wp-block-uagb-container uagb-block-ad4df229\">\n<div class=\"wp-block-uagb-image uagb-block-1915b265 wp-block-uagb-image--layout-default wp-block-uagb-image--effect-static wp-block-uagb-image--align-none\"><figure class=\"wp-block-uagb-image__figure\"><img decoding=\"async\" srcset=\"https:\/\/bernardorealestate.com.mx\/wp-content\/uploads\/2023\/05\/Laguna-copia.png \" sizes=\"(max-width: 480px) 150px\" src=\"https:\/\/bernardorealestate.com.mx\/wp-content\/uploads\/2023\/05\/Laguna-copia.png\" alt=\"\" class=\"uag-image-2380\" width=\"928\" height=\"366\" title=\"\" loading=\"lazy\"\/><\/figure><\/div>\n<\/div>\n\n\n\n<div class=\"wp-block-uagb-container uagb-block-416c78f0\">\n<div class=\"wp-block-uagb-image uagb-block-4c2b30e0 wp-block-uagb-image--layout-default wp-block-uagb-image--effect-static wp-block-uagb-image--align-none\"><figure class=\"wp-block-uagb-image__figure\"><img decoding=\"async\" srcset=\"https:\/\/bernardorealestate.com.mx\/wp-content\/uploads\/2023\/05\/Circuito-copia.png \" sizes=\"(max-width: 480px) 150px\" src=\"https:\/\/bernardorealestate.com.mx\/wp-content\/uploads\/2023\/05\/Circuito-copia.png\" alt=\"\" class=\"uag-image-2378\" width=\"928\" height=\"366\" title=\"\" loading=\"lazy\"\/><\/figure><\/div>\n<\/div>\n\n\n\n<div class=\"wp-block-uagb-container uagb-block-efd5e105\">\n<div class=\"wp-block-uagb-image uagb-block-44a7c960 wp-block-uagb-image--layout-default wp-block-uagb-image--effect-static wp-block-uagb-image--align-none\"><figure class=\"wp-block-uagb-image__figure\"><img decoding=\"async\" srcset=\"https:\/\/bernardorealestate.com.mx\/wp-content\/uploads\/2023\/05\/Park-copia.png \" sizes=\"(max-width: 480px) 150px\" src=\"https:\/\/bernardorealestate.com.mx\/wp-content\/uploads\/2023\/05\/Park-copia.png\" alt=\"\" class=\"uag-image-2382\" width=\"928\" height=\"366\" title=\"\" loading=\"lazy\"\/><\/figure><\/div>\n<\/div>\n\n\n\n<div class=\"wp-block-uagb-container uagb-block-cb92968f\">\n<div class=\"wp-block-uagb-image uagb-block-a5ca36e8 wp-block-uagb-image--layout-default wp-block-uagb-image--effect-static wp-block-uagb-image--align-none\"><figure class=\"wp-block-uagb-image__figure\"><img decoding=\"async\" srcset=\"https:\/\/bernardorealestate.com.mx\/wp-content\/uploads\/2023\/05\/Mirador-copia.png \" sizes=\"(max-width: 480px) 150px\" src=\"https:\/\/bernardorealestate.com.mx\/wp-content\/uploads\/2023\/05\/Mirador-copia.png\" alt=\"\" class=\"uag-image-2381\" width=\"928\" height=\"366\" title=\"\" loading=\"lazy\"\/><\/figure><\/div>\n<\/div>\n<\/div><\/div>\n\n\n\n<div class=\"wp-block-uagb-container uagb-block-33d0a971 alignfull uagb-is-root-container\"><div class=\"uagb-container-inner-blocks-wrap\">\n<div class=\"wp-block-uagb-container uagb-block-c5a02d36\">\n<div class=\"wp-block-uagb-info-box uagb-block-7eb79877 uagb-infobox__content-wrap  uagb-infobox-icon-above-title uagb-infobox-image-valign-top\" id=\"Atracciones\"><div class=\"uagb-ifb-content\"><div class=\"uagb-ifb-title-wrap\"><h2 class=\"uagb-ifb-title\">ubicacion<\/h2><\/div><p class=\"uagb-ifb-desc\">A solo 140m del mar podr\u00e1s encontrar a Cayo Coco, este Para\u00edso Tropical donde tendr\u00e1s la oportunidad de pensar, planear y construir esa propiedad de tus sue\u00f1os rodeada de naturaleza y un paisaje sin igual.<\/p><div class=\"uagb-ifb-button-wrapper wp-block-button\"><a href=\"https:\/\/bernardorealestate.com.mx\/index.php\/ubicacion\/\" class=\"uagb-infobox-cta-link wp-block-button__link\" target=\"_self\" rel=\"noopener noreferrer\" onclick=\"return true;\" alt=\"\"><span class=\"uagb-inline-editing\">conoce mas<\/span><\/a><\/div><\/div><\/div>\n<\/div>\n\n\n\n<div class=\"wp-block-uagb-container uagb-block-3e6a2729\">\n<div class=\"wp-block-uagb-image alignright uagb-block-f7fedd7d wp-block-uagb-image--layout-default wp-block-uagb-image--effect-static wp-block-uagb-image--align-right uag-hide-tab uag-hide-mob\"><figure class=\"wp-block-uagb-image__figure\"><img decoding=\"async\" srcset=\"https:\/\/bernardorealestate.com.mx\/wp-content\/uploads\/2023\/05\/Choza-Balinesa_01.gif , https:\/\/bernardorealestate.com.mx\/wp-content\/uploads\/2023\/05\/Choza-Balinesa_01.gif 360w\" sizes=\"(max-width: 480px) 150px\" src=\"https:\/\/bernardorealestate.com.mx\/wp-content\/uploads\/2023\/05\/Choza-Balinesa_01.gif\" alt=\"\" class=\"uag-image-2197\" width=\"329\" height=\"329\" title=\"\" loading=\"lazy\"\/><\/figure><\/div>\n\n\n\n<div class=\"wp-block-uagb-image alignright uagb-block-bcb4aedd wp-block-uagb-image--layout-default wp-block-uagb-image--effect-static wp-block-uagb-image--align-right uag-hide-tab uag-hide-mob\"><figure class=\"wp-block-uagb-image__figure\"><img decoding=\"async\" srcset=\"https:\/\/bernardorealestate.com.mx\/wp-content\/uploads\/2023\/05\/Choza-Balinesa_03.gif , https:\/\/bernardorealestate.com.mx\/wp-content\/uploads\/2023\/05\/Choza-Balinesa_03.gif 360w\" sizes=\"(max-width: 480px) 150px\" src=\"https:\/\/bernardorealestate.com.mx\/wp-content\/uploads\/2023\/05\/Choza-Balinesa_03.gif\" alt=\"\" class=\"uag-image-2199\" width=\"329\" height=\"329\" title=\"\" loading=\"lazy\"\/><\/figure><\/div>\n<\/div>\n\n\n\n<div class=\"wp-block-uagb-container uagb-block-22225538\">\n<div class=\"wp-block-uagb-image alignleft uagb-block-dfa6b661 wp-block-uagb-image--layout-default wp-block-uagb-image--effect-static wp-block-uagb-image--align-left\"><figure class=\"wp-block-uagb-image__figure\"><img decoding=\"async\" srcset=\"https:\/\/bernardorealestate.com.mx\/wp-content\/uploads\/2023\/05\/Choza-Balinesa_02.gif , https:\/\/bernardorealestate.com.mx\/wp-content\/uploads\/2023\/05\/Choza-Balinesa_02.gif 360w\" sizes=\"(max-width: 480px) 150px\" src=\"https:\/\/bernardorealestate.com.mx\/wp-content\/uploads\/2023\/05\/Choza-Balinesa_02.gif\" alt=\"\" class=\"uag-image-2198\" width=\"329\" height=\"329\" title=\"\" loading=\"lazy\"\/><\/figure><\/div>\n\n\n\n<div class=\"wp-block-uagb-image alignleft uagb-block-ea4c27f1 wp-block-uagb-image--layout-default wp-block-uagb-image--effect-static wp-block-uagb-image--align-left\"><figure class=\"wp-block-uagb-image__figure\"><img decoding=\"async\" srcset=\"https:\/\/bernardorealestate.com.mx\/wp-content\/uploads\/2023\/05\/Choza-Balinesa_04.gif , https:\/\/bernardorealestate.com.mx\/wp-content\/uploads\/2023\/05\/Choza-Balinesa_04.gif 360w\" sizes=\"(max-width: 480px) 150px\" src=\"https:\/\/bernardorealestate.com.mx\/wp-content\/uploads\/2023\/05\/Choza-Balinesa_04.gif\" alt=\"\" class=\"uag-image-2200\" width=\"329\" height=\"329\" title=\"\" loading=\"lazy\"\/><\/figure><\/div>\n<\/div>\n<\/div><\/div>\n","protected":false},"excerpt":{"rendered":"<p>\u201c\u00a1Bienvenido al para\u00edso!ahora tiene nombre y se encuentra en YUCAT\u00c1N.\u201d Enfocado en preservar la belleza naturalde la zona y proporcionar a sus residentesun estilo de vida en armon\u00eda con lanaturaleza. TROPICAL LIVING<\/p>\n","protected":false},"author":1,"featured_media":0,"parent":0,"menu_order":0,"comment_status":"closed","ping_status":"closed","template":"","meta":{"_uag_custom_page_level_css":"","site-sidebar-layout":"no-sidebar","site-content-layout":"plain-container","ast-global-header-display":"","ast-banner-title-visibility":"","ast-main-header-display":"","ast-hfb-above-header-display":"","ast-hfb-below-header-display":"","ast-hfb-mobile-header-display":"","site-post-title":"disabled","ast-breadcrumbs-content":"","ast-featured-img":"","footer-sml-layout":"","theme-transparent-header-meta":"enabled","adv-header-id-meta":"","stick-header-meta":"","header-above-stick-meta":"","header-main-stick-meta":"","header-below-stick-meta":""},"uagb_featured_image_src":{"full":false,"thumbnail":false,"medium":false,"medium_large":false,"large":false,"1536x1536":false,"2048x2048":false},"uagb_author_info":{"display_name":"bernardoarroyorealstate@gmail.com","author_link":"https:\/\/bernardorealestate.com.mx\/index.php\/author\/bernardoarroyorealstategmail-com\/"},"uagb_comment_info":0,"uagb_excerpt":"\u201c\u00a1Bienvenido al para\u00edso!ahora tiene nombre y se encuentra en YUCAT\u00c1N.\u201d Enfocado en preservar la belleza naturalde la zona y proporcionar a sus residentesun estilo de vida en armon\u00eda con lanaturaleza. TROPICAL LIVING","_links":{"self":[{"href":"https:\/\/bernardorealestate.com.mx\/index.php\/wp-json\/wp\/v2\/pages\/1684"}],"collection":[{"href":"https:\/\/bernardorealestate.com.mx\/index.php\/wp-json\/wp\/v2\/pages"}],"about":[{"href":"https:\/\/bernardorealestate.com.mx\/index.php\/wp-json\/wp\/v2\/types\/page"}],"author":[{"embeddable":true,"href":"https:\/\/bernardorealestate.com.mx\/index.php\/wp-json\/wp\/v2\/users\/1"}],"replies":[{"embeddable":true,"href":"https:\/\/bernardorealestate.com.mx\/index.php\/wp-json\/wp\/v2\/comments?post=1684"}],"version-history":[{"count":139,"href":"https:\/\/bernardorealestate.com.mx\/index.php\/wp-json\/wp\/v2\/pages\/1684\/revisions"}],"predecessor-version":[{"id":2531,"href":"https:\/\/bernardorealestate.com.mx\/index.php\/wp-json\/wp\/v2\/pages\/1684\/revisions\/2531"}],"wp:attachment":[{"href":"https:\/\/bernardorealestate.com.mx\/index.php\/wp-json\/wp\/v2\/media?parent=1684"}],"curies":[{"name":"wp","href":"https:\/\/api.w.org\/{rel}","templated":true}]}}